on factor of i and z.
20
Let b be ((-18)/(-7))/((-3)/(-14)). Let p be (-20)/(-1)*15/b. What is the greatest common factor of p and 250?
25
Let g = -51 + 36. Let h be 27/(g/(-6) + -1). What is the highest common factor of h and 72?
18
Let q = 140 - 63. Let y(v) = -v**3 + 12*v**2 + 15*v - 15. Let c be y(13). Calculate the highest common divisor of c and q.
11
Suppose -5*d + 3*m + 3 = 0, 0 = -2*d + 3*m - 3 + 6. Suppose -7 - 2 = -3*y. Suppose d = -6*p + y*p + 33. Calculate the greatest common divisor of p and 22.
11
Let c = 57 + 103. Let w be ((-4)/8)/((-2)/c). Calculate the greatest common divisor of 10 and w.
10
Let r(c) = -c**2 + 16*c - 27. Let n be r(14). Calculate the greatest common factor of 9 and n.
1
Let k be 49 + 1 + (3 - (4 - 3)). Calculate the greatest common divisor of 13 and k.
13
Let s = -43 - -83. Let v = -71 - -181. Let j be v/7 - 2/(-7). Calculate the greatest common factor of s and j.
8
Suppose l + 66 = 3*l. Let h be ((-19)/(-38))/(1/22). Calculate the highest common factor of l and h.
11
Suppose 4*p - 5*g + 459 = 0, 0 = 4*p - 3*g + 5*g + 438. Let o = -48 - p. Calculate the highest common factor of 21 and o.
21
Let y(n) = n**3 - 3*n**2 + 8*n - 3. Let k be y(5). What is the greatest common divisor of 58 and k?
29
Suppose 0 = -6*v + 4*v. Let f = v + 2. Let q = -17 - -18. Calculate the highest common divisor of q and f.
1
Let b(n) = 7*n**2 - 1. Let a be b(1). Suppose -s + 27 = -t, 4*s + 63 = a*s + t. Calculate the greatest common divisor of s and 12.
6
Let o(a) be the second derivative of -2*a**3 - 2*a**2 + 2*a. Let w be (-4)/(-8)*-5*2. Let c be o(w). What is the greatest common factor of c and 14?
14
Suppose 0 = 4*a + 16, -5*c + 8*a + 115 = 3*a. Suppose q - 5*q - 172 = 0. Let s be -2 - (q + 3 + 0). Calculate the highest common factor of s and c.
19
Let d(g) = 5*g**2 + 5. Let r be d(4). Let s be (-2)/5 + 6/15. Let c = s - -17. Calculate the greatest common divisor of c and r.
17
Suppose 2*r = 4*x + 426, -5*r - 4*x - x = -1035. Let n = -11 - -30. Calculate the greatest common factor of n and r.
19
Let z(a) = a**2 - 2*a + 17. Suppose -x = -2*x. Let g be z(x). Let j = -3 - -88. What is the greatest common factor of g and j?
17
Let t be 27*(-1 - 52/(-6)). What is the highest common divisor of t and 23?
23
Let n = 23 - 20. Suppose -6*k + z + 29 = -n*k, 2*z + 10 = 0. Calculate the greatest common factor of 72 and k.
8
Let c = 20 + 8. Suppose y + 4 = c. Calculate the highest common divisor of y and 96.
24
Suppose -5*a - 5 = -l + 1, 5*a = 4*l - 24. Calculate the highest common factor of l and 15.
3
Let r be ((-1)/(-3))/(6/486). Suppose a - 6 = -3*o, 5*o - 5*a - 30 = -0*o. What is the highest common factor of r and o?
3
Let p = 2 + -2. Let x be (13 + (p - -2))*1. What is the greatest common factor of x and 6?
3
Let k be (9/18)/((-2)/(-8)). Suppose 3*d - 405 = -k*d. What is the highest common divisor of 9 and d?
9
Let t be (2 - (-3 + 2) - 0) + 3. What is the greatest common divisor of t and 6?
6
Suppose -z + 16 = 3*z. Let g(x) = -2*x**3 + 6*x**2 - 6*x + 1. Let o be g(z). Let t be (-2)/(-8) - o/20. What is the greatest common divisor of t and 2?
1
Let w = -328 - -1046. Suppose 2*n = 4*q - w, -q + 181 = -0*q + n. Calculate the greatest common divisor of 72 and q.
36
Let a(y) = y**2 - 6*y + 4. Let r be a(6). Suppose -193 = -r*b + f, -2*f + 0*f = 4*b - 190. Calculate the greatest common factor of 16 and b.
16
Suppose -2*l = -l. Let o(p) = -p**2 + 6*p - 3 + l + 8. Let d be o(5). What is the highest common divisor of d and 20?
10
Let a be -18 + 16 + (245 - 1). What is the highest common divisor of a and 22?
22
Suppose -4*u = -4*h - 116, u + 51 = 3*u + 5*h. Calculate the highest common divisor of 21 and u.
7
Let s(o) = -o**2 - 7*o + 12. Let d be s(-6). What is the greatest common divisor of 144 and d?
18
Suppose 6*r - 300 = r. Suppose -3*d - r = -m, -4*d + 112 + 112 = 5*m. Suppose 3*n + 27 = s, -5*n = 5*s - s - 23. What is the greatest common factor of s and m?
12
Let x = -18 - -34. Let r(j) = -j + 1. Let s(y) = -10*y + 5. Let g(i) = -21*r(i) + 3*s(i). Let t be g(-6). What is the highest common factor of t and x?
16
Let v(b) = -2*b - 14. Let y be v(-8). Suppose y*h - 17 = 7. What is the highest common divisor of h and 30?
6
Let q = 1 + 18. Let g = -294 + 503. Calculate the highest common divisor of g and q.
19
Let v be 6/15 + (-26)/(-10). Suppose -v*t - 33 = -4*t. Calculate the highest common factor of t and 11.
11
Let i = -7 + 12. Suppose 5*y - i*t - 26 = 29, -2*t + 62 = 5*y. Calculate the highest common factor of 3 and y.
3
Let p be (-1*3)/(3/(-3)). Suppose p*w - 290 = 118. What is the highest common divisor of 17 and w?
17
Suppose -3*v - 12 = 0, 22 = j + 2*j - 4*v. Let l be 4/(-4) + j*303. Suppose s = 6*s - l. Calculate the greatest common divisor of 11 and s.
11
Suppose 4*s = 4*k - 5 + 129, 3*s = -5*k + 125. What is the greatest common divisor of s and 7?
7
Let a be 4/(-10) + 188/20. What is the highest common divisor of 9 and a?
9
Let a be 1/2 + (-27)/2. Let d be (-6)/(-8)*(50/2 + 3). Let n = a + d. Calculate the highest common factor of 8 and n.
8
Let g be -2 - (8/(-2))/1. Suppose -3*d + g + 4 = 0. Calculate the greatest common factor of 18 and d.
2
Let t be (17 - 13) + 271/1. What is the greatest common divisor of 25 and t?
25
Let f = 82 + -69. What is the greatest common factor of 104 and f?
13
Suppose 0 = c - 18 - 4. Let d = 5 - -6. Calculate the greatest common factor of c and d.
11
Let i = 2 - -16. Suppose -3*d + 102 = 3*n - 0*n, 0 = 2*d + 4. What is the highest common divisor of n and i?
18
Let l(i) = 7*i + 8. Let v be l(3). Calculate the greatest common divisor of v and 29.
29
Suppose 6 = 3*v - 9. Let n(u) = -u**3 - 15*u**2 + 12*u - 9. Let r be n(-16). Calculate the highest common factor of r and v.
5
Let u(x) = -2*x + 1. Let a be u(-2). Suppose -19*m + 17*m = -2. Let i be (57 - m) + 3/(-3). What is the greatest common factor of i and a?
5
Suppose -2 = f - 22. Let a(h) = h**3 - 8*h**2 - 2*h - 13. Let g be a(9). What is the greatest common factor of f and g?
10
Let u(k) = 212*k - 4. Let p be u(1). What is the greatest common divisor of p and 26?
26
Let s = 47 + -35. What is the greatest common divisor of 12 and s?
12
Suppose -7*o = -3*o - 72. Let b be (9/(-6))/(2/4). Let j be (-4 - (b - -1))*-72. Calculate the greatest common divisor of j and o.
18
Let u be 30/(-3)*(-4)/1. Suppose -5*s + 3*d + u = 0, -5*s = -4*d + 8*d - 5. Let g = -4 + s. Calculate the greatest common factor of g and 4.
1
Let l be -2*(-5)/(-30)*-9 - -4. What is the highest common factor of l and 35?
7
Let v(z) = -191*z**3 - 2*z**2 - z. Let n be v(-1). Calculate the highest common divisor of 19 and n.
19
Suppose z = 6*z - 5. Let r = z - -2. Suppose r*b - 7 = 2. Calculate the highest common factor of b and 33.
3
Suppose 3*y - 175 = 5*t, -3*t = -7*t - 8. Let p = -12 + 17. What is the highest common divisor of y and p?
5
Let u(r) = -60*r**3 - 2*r**2 - 3*r - 1. Let n be u(-1). Calculate the highest common factor of 15 and n.
15
Suppose 3*l - 5*r - 31 = 0, -3*l - l + 45 = -3*r. What is the highest common divisor of l and 4?
4
Let b = 17 + 20. Suppose -26 = 5*j - 6. Let o = b + j. What is the highest common factor of 11 and o?
11
Suppose -4*a + a + 33 = 4*w, 5*w - 4*a = 49. What is the highest common divisor of w and 6?
3
Let c = 3 - -2. Suppose -25*d + 30 = -23*d. Calculate the highest common divisor of c and d.
5
Suppose 0 = -4*m + 9*m + 4*a - 90, -a = 4*m - 83. Let o = m - 16. What is the highest common divisor of o and 9?
3
Suppose 141 = 4*g + 3*t, -4*g = -9*g + 4*t + 184. Calculate the highest common factor of g and 9.
9
Let c be 5 + 1/(-3)*-9. Let f = 66 - 34. Calculate the greatest common divisor of c and f.
8
Suppose 3*u - k - 224 = 0, -5*k - 180 = -5*u + 190. What is the greatest common factor of 30 and u?
15
Let s(x) = -x**2 - 5*x. Let w be s(-4). Suppose w*a = -a + 70. What is the greatest common divisor of a and 112?
14
Suppose 100 = -3*j + 280. Let x = 40 - 16. What is the highest common divisor of x and j?
12
Let z(i) = i**2 + 4*i + 2. Let g be z(-4). Suppose 2*d - g = 12. What is the highest common factor of d and 7?
7
Let n(s) = 4*s**2 - 1. Let w be n(-2). What is the highest common factor of 5 and w?
5
Let l(t) = -t**3 + 11*t**2 - 9*t + 3. Let k be l(10).